lue of -17 + (-1 - -10) + -5 + 14 + 7?
8
-1 + 9 + -5 + -2 - -5
6
-5 + 9 + (-6 - -5) + -3
0
What is the value of 1928 - 1931 - (3 + -1 - 17)?
12
What is (-15 - -11) + (21 - (0 - -1))?
16
Evaluate 9 + -4 + (0 - -7) + (1 - 24).
-11
1 - 8 - (14 + -18 + -23 + -3)
23
What is the value of 1 + 23 + -28 - (20 + -2)?
-22
What is the value of (-2 - -44) + -22 + -12?
8
Calculate 19 + -1 + -28 + 16 + 3 + 13.
22
Calculate 5 + (-16 - -14) + 7.
10
-2 + (3 + -4 + -1 + -1 - 2)
-7
Calculate -12 + (-9 - (-14 - -5)).
-12
Evaluate 34 + (-5 - (-12 + 27)).
14
What is the value of 3 + 7 + (-14 + 4 - 2)?
-2
Evaluate -6 + (-25 - -16 - -13).
-2
Calculate -10 + 12 + 1 + (3 - (4 - 2)).
4
-3 - -21 - (-10 - -24)
4
Calculate 4 + 9 + -17 - -4 - (-6 - 3).
9
Evaluate 7 + 6 + -19 + 1 + -11.
-16
-8 - ((21 - 3 - 2) + -4)
-20
Calculate -16 - (-25 + 12) - -5.
2
Evaluate -31 + (4 - (18 + -30)).
-15
What is (19 - 7) + -193 + 176?
-5
-5 - (-18 - -14) - -17
16
Calculate 26 - (49 + -21 + 6).
-8
What is 4 - (-21 + 32) - (3 - (-5 - -13))?
-2
1 + 24 - (-523 + 567)
-19
Evaluate (-7 - -5) + (-4 - 3).
-9
What is 13 - 1 - 46 - (1 + 6 + -11)?
-30
What is -23 + -9 + 5 - (-7 + 0 - -1)?
-21
Evaluate -9 + (-1 - 8 - (5 - -4 - 11)).
-16
What is the value of -3 - (4 + -19) - 4 - 2?
6
Calculate -34 + 52 + 32 - 41.
9
What is (-22 - -38) + -22 + -9 + -2?
-17
What is the value of -9 + 10 + 9 - 2 - -1?
9
-1 - (1 + -1 + 0 + 20 + -16)
-5
26 + 10 + -27 + 18 + 0
27
Evaluate -146 - -135 - (-1 + -1).
-9
(-31 - -28) + 9 + -1 + -16
-11
-16 - (-3 - (-11 + 39))
15
Calculate -6 - (-4 - (4 + -8 + 2) - 6).
2
Evaluate -5 + 1 + -19 + 14 + -20 + 62.
33
6 + -7 + 2 + 23 + 121 + -111
34
0 + (-7 - (-8 - -2) - 2)
-3
What is the value of 0 + (4 - ((3 - 10) + 5)) - 11?
-5
Calculate 15 - (-6 + 6 + 2 + 5).
8
Evaluate -11 - -33 - 26 - 10.
-14
Evaluate -12 - ((-6 - 0) + (109 - 110)).
-5
1 + 2 - (-23 - -29 - -7)
-10
What is 28 + -37 - (1 - 0 - -1)?
-11
Evaluate 38 + (27 - (66 + -22)).
21
Calculate 6 - (-2 - (6 - 3 - 4 - -3)).
10
(-64 - -49) + 16 - (-5 - (1 - 2))
5
Evaluate (-36 + 28 - 5) + (-3 - -3).
-13
Evaluate 3 + (5 - 0) + (-12 - -1 - -7).
4
Evaluate -10 - (5 + -9 + -4 - (-8 + 1)).
-9
Evaluate 3 - -2 - (-2 + -4 + (3 - -1)).
7
Evaluate (23 - 7) + -19 - 9.
-12
Calculate (-11 - 0) + (-3 - (4 - 8 - -2)).
-12
What is the value of (0 - -1) + (-12 - -11)?
0
What is (-2 - 0) + -4 + 3?
-3
What is the value of ((11 - 24) + 4 - -11) + 9?
11
What is -3 - (-12 - 1 - 2)?
12
What is the value of 0 + (6 - -3 - (13 - -3))?
-7
9 + 7 + -3 + (-20 - -5)
-2
Evaluate -4 + (-18 - (-4 - 6)) + 15.
3
(-48 - -42) + (2 - ((-3 - -1) + -2))
0
Calculate -258 + 260 + (2 - -22).
26
What is -1 - 8 - (-9 + (5 - 3) + 9)?
-11
-9 + -8 + (14 - 15) + 8
-10
Evaluate -389 + 397 + (-5 - 4 - 2).
-3
What is -34 + 11 - -20 - -17?
14
-44 + 51 - (1 + -17)
23
Calculate (-6 - (5 + -6 + -7)) + (0 - -3).
5
Evaluate 38 - 7 - (-8 - -3 - -3) - -3.
36
What is (80 - 36) + -5 + -31?
8
What is the value of (29 - -1) + (14 - (-3 - -45)) + 17?
19
What is the value of -9 - (-5 - 2) - (3 + -12)?
7
What is -624 + 619 + 1 + -1?
-5
Calculate (5 - -1) + -4 + 6 + 3 + -11.
0
10 + (-3 - 24 - -10)
-7
What is the value of 0 - (11 - 10 - -1)?
-2
Evaluate (30 - (33 + -11)) + -1 + -8.
-1
Evaluate -5 + (-4 - -10) + (7 + -3 - 3).
2
Evaluate 21 + (-16 - -31) + -30.
6
(14 - 33) + (28 - 6)
3
What is the value of -30 - 0 - (24 - -18 - 48)?
-24
Calculate 1 + (-8 - (-2 + 8)).
-13
-20 + (-4 - -13) + -5 + -1 + 5
-12
(4 + 22 - 7) + (-1 - 6)
12
(0 - -6) + (-1 - 26) + 34
13
(5 - -3 - -16) + -16 + 2 + 3
13
What is 3 - (1 - -9) - -9 - 16?
-14
(16 + -42 - 0) + 6
-20
Calculate 12 + (9 - 14) + -12 - -31.
26
Evaluate 6 + -22 + 3 - (4 - 17).
0
Evaluate 1 + (-16 - -7) + 10.
2
What is 6 + -5 + -34 + 14 + 4?
-15
What is -5 + -29 + (22 - -8)?
-4
What is -9 + (-4 - 11 - -6 - -12)?
-6
-15 - (5 + (7 - (0 + 14)))
-13
What is the value of 9 - 16 - -1 - (7 + 0 + -4)?
-9
What is (-3 - -6 - (1 + (4 - -4))) + 3?
-3
-3 + 2 - -15 - ((9 - 19) + 18)
6
What is 28 + -75 - -22 - (-4 + -2)?
-19
What is the value of 21 + (5 - 3 - 31)?
-8
Evaluate (0 - -2 - 1) + (3 - (32 + -10)).
-18
8 - (10 - 38) - 9
27
What is (-2 - -24) + (-32 - -30) + 8?
28
What is -2 + 13 + -1 + -26 + 4?
-12
What is 6 - ((-1 - 1 - (-16 + 20)) + 14)?
-2
21 + 0 + -36 - (-3 - 8)
-4
Calculate -32 + (39 - -8 - 27).
-12
7 + ((-17 - -14) + -3 - (1 + -1))
1
(-15 - (0 + -8)) + (-2 - (-1 - -2))
-10
What is -18 + (28 - 17) - 11?
-18
2 - (-4 + -7 - -10)
3
What is the value of -11 - (9 - (-6 + (12 - (4 - -3))))?
-21
-12 - (2 + -13 - (1 + -1 + -2))
-3
Evaluate 4 - (19 - 1) - (1 + -5).
-10
What is -30 + (-3 + 4 - -3 - (3 + -7))?
-22
What is -12 + 4 + -1 + 18 + 11?
20
17 + -10 + (0 - 12) + 2
-3
What is -26 + (-11 + 5 + 2 - -15) - 0?
-15
What is 5 + (20 - (7 + 7))?
11
What is 42 + (19 - 16) - 8?
37
What is the value of 5 + 1 + (21 - (19 - 3))?
11
31 + (19 - (5 - -1)) + -26
18
What is 2 - (10 + 2 + 20 + -31)?
1
What is -2 + (4 - 8 - 3) + 41 + -4?
28
-10 + (-8 - ((13 - 7) + -19))
-5
What is the value of 9 - (17 - (4 + -1) - (4 + -1))?
-2
Evaluate -3 - (18 + -31) - (1 + -1 + 2).
8
Calculate -1 + (1 - 9 - -2 - (-20 - -4)).
9
Calculate 17 + -17 + -13 - -11.
-2
(-1 - (-11 - 3)) + -18 + 21 + -1
15
What is (-2 - -14) + -18 + (7 - 20 - -20)?
1
Evaluate 1026 + -1018 + -5 + 0.
3
Calculate -4 + (-9 - -8) + 6 + 14.
15
Evaluate -8 + 9 + -3 + -4.
-6
50 + (-19 + 0 - -15) + -15
31
Evaluate -17 + -1 + (19 - 6).
-5
Calculate -166 - -177 - (2 + (0 - -9)).
0
(-20 - -7) + 4 + 10 + -8
-7
Evaluate -2 + 20 + -19 + -4 + 3 + 0.
-2
(18 + -9 - 9) + (5 - -15 - 5)
15
(-14 - (-10 - 10)) + -8 + 1 + -4
-5
Calculate -2 + -3 + -13 + 11 + -11 + 9.
-9
What is 13 - (9 + 4 + -5 + 0)?
5
0 + 2 + (0 - 1) + 1035 + -1046
-10
Calculate -4 - 3 - ((-12 - (-3 + 1)) + 10).
-7
What is the value of 1 + (-22 + 7 - -11)?
-3
What is (-4 + 7 - -1 - -10 - -8) + -1?
21
Calculate 12 + (-7 - 3) + (-28 - -31).
5
What is the value of -18 + (36 - (-20 - -42))?
-4
Evaluate -16 - (-4 + 1 + -2).
-11
What is (-9 - -1) + 14 + (-15 - -8)?
-1
What is the value of 10 - (-19 - -17 - (-6 + -1)) - 2?
3
Calculate 3 + 14 + (-1 + -6 - 2).
8
(-1 - 5) + -9 + (-10 - -10)
-15
(4 + -5 - 8) + 8 - 2
-3
-13 + 6 + 5 + 2 + -12
-12
Calculate -3 + -2 + 2 + -8 + 18.
7
Calculate 68 + -59 + -4 + 0.
5
What is the value of 14 + (0 - 2) + (126 - 132)?
6
What is the value of (3 + -6 - -3 - 4) + -9?
-13
What is the value of -1 + 11 + (-19 - (-11 - 9))?
11
What is the value of (0 - -11 - 10) + (4 - 22 - 5)?
-22
Evaluate (-11 - -5) + 12 - 11.
-5
4 - (18 + -3 + (-21 - 5))
15
Evaluate 12 - (-24 - 22) - 31.
27
Calculate 18 + (5 - 24) - (0 + -9).
8
What is the value of -67 - -66 - (-2 + 1) - -3?
3
Calculate (-95 - -47) + 14 + 3.
-31
Evaluate (-10 - -1) + (-20 - (-22 + (-23 - -22))).
-6
What is 0 + -1 - (8 + -11) - (-87 + 91)?
-2
What is the value of 7 + 1 - (5 + -3) - (198 - 196)?
4
What is 0 + -11 - (-229 - -234)?
-16
What is (-3 - (-1 + 1)) + 168 + -174 - -21?
12
What is 22 + (-32 - (5 + -28))?
13
Evaluate (25 - 3 - (-11 + 17)) + (-3 - -2).
15
What is the value of 7 + (8 + -4 + 4 + -20 - 9)?
-14
Evaluate -1 - 7 - (-57 + 29 - -17).
3
What is 1 + -9 + 5 + 2?
-1
Evaluate 172 - 163 - (7 + -1).
3
What is the value of 30 + -58 + (9 - -2)?
-17
Calculate 2 - ((1 - 7 - -2) + (15 - 17)).
8
What is the value of ((-6 - -24) + -10 - 5) + -8?
-5
Calculate -1 - -1 - -3 - (15 + -23 + 8).
3
(-11 - (-11 - 11)) + -12
-1
17 - (9 + 5 + -9)
12
What is -11 + (23 - 4) + -20?
-12
What is the value of 30 - (79 - (42 - 4))?
-11
What is 1 - 0 - (9 + -14 + 4 + -3)?
5
What is the value of -25 - (-11 - (-11 + 14))?
-11
Calculate (2 - -4) + -364 + 380.
22
What is (37 - 26) + (-13 - 3)?
-5
Evaluate (-16 - 0) + (129 - 124) + -16.
-27
Calculate 21 - (-60 + 74 + 2 + -1 + -12).
18
11 + 10 + -10 - 0
11
-1 + (-18 - (2 - 14))
-7
Calculate 36 - (-23 + 22 + 27).
10
What is the value of (-22 + -1 - -4) + (-6 - -16)?
-9
Calculate -3 - -1 - -9 - (666 - 675).
16
Evaluate -215 + 211 - (-1 - 7).
4
2 - ((6 - 4 - 17) + 5)
12
Calculate (-7 - 10) + -30 + 30.
-17
What is the value of 1 + 8 + (-1 - 3) + -13 + -1?
-9
Evaluate 50 + -1 + -47 + (-7 - 1).
-6
What is the value of 45 - ((-27 + -19 - -58) + -4 + 1)?
36
Evaluate -1 + -2 + (0 - -8) + -36 + 32.
1
What is the value of 5 + 0 - (-134 - -151)?
-12
What is (5 - 10 - -4 - -4) + -28?
-25
Eva